{"id":244,"date":"2011-10-11T12:12:59","date_gmt":"2011-10-11T12:12:59","guid":{"rendered":"http:\/\/academiedenimes.org\/_\/?page_id=244"},"modified":"2019-10-06T13:34:04","modified_gmt":"2019-10-06T13:34:04","slug":"les-seances","status":"publish","type":"page","link":"https:\/\/www.academiedenimes.org\/site\/les-seances\/","title":{"rendered":"Les s\u00e9ances"},"content":{"rendered":"<p><span style=\"color: #000000;\"><strong>Les s\u00e9ances ordinaires <\/strong>ont lieu traditionnellement tous les quinze jours de fin septembre \u00e0 fin juin, le vendredi \u00e0 16h 30. Le secr\u00e9taire perp\u00e9tuel lit le proc\u00e8s verbal de la s\u00e9ance pr\u00e9c\u00e9dente pour approbation par l&rsquo;assembl\u00e9e; il rend compte de la correspondance et des manifestations culturelles auxquelles l&rsquo;Acad\u00e9mie est convi\u00e9e. Le pr\u00e9sident donne ensuite la parole \u00e0 l&rsquo;acad\u00e9micien ou au correspondant charg\u00e9 de la communication du jour. En effet, seul un acad\u00e9micien ou un correspondant (de l\u2019Acad\u00e9mie de N\u00eemes ou d\u2019une autre Acad\u00e9mie) peut s\u2019exprimer au d\u00e9cours d\u2019une s\u00e9ance ordinaire. Les sujets sont vari\u00e9s pour respecter la pluridisciplinarit\u00e9 de l&rsquo;Acad\u00e9mie. La s\u00e9ance se termine par un \u00e9change, de remarques et de questions, auquel toute l&rsquo;assistance prend part.<\/span><\/p>\n<p><span style=\"color: #000000;\"><strong>Deux s\u00e9ances administratives<\/strong> ont lieu en f\u00e9vrier et en novembre. Tous les acad\u00e9miciens ordinaires participent \u00e0 ces s\u00e9ances. Le tr\u00e9sorier pr\u00e9sente les bilans financiers de l&rsquo;ann\u00e9e \u00e9coul\u00e9e et les comptes de l&rsquo;ann\u00e9e en cours, les rapporteurs des commissions exposent leurs r\u00e9alisations et leurs projets.<\/span><\/p>\n<p><span style=\"color: #000000;\"><strong>La s\u00e9ance solennelle publique<\/strong> a lieu le premier dimanche du mois de f\u00e9vrier sous la pr\u00e9sidence de Monsieur le Pr\u00e9fet du Gard. Cette s\u00e9ance permet de faire conna\u00eetre les activit\u00e9s de l&rsquo;Acad\u00e9mie. Le pr\u00e9sident sortant pr\u00e9sente le bilan de son ann\u00e9e de pr\u00e9sidence. Le pr\u00e9sident entrant prononce une communication sur un sujet de son choix. La s\u00e9ance se termine par une communication choisie g\u00e9n\u00e9ralement parmi les meilleures de l&rsquo;ann\u00e9e.<\/span><\/p>\n","protected":false},"excerpt":{"rendered":"<p>Les s\u00e9ances ordinaires ont lieu traditionnellement tous les quinze jours de fin septembre \u00e0 fin juin, le vendredi \u00e0 16h 30. Le secr\u00e9taire perp\u00e9tuel lit le proc\u00e8s verbal de la s\u00e9ance pr\u00e9c\u00e9dente pour approbation par l&rsquo;assembl\u00e9e; il rend compte de la correspondance et des manifestations culturelles auxquelles l&rsquo;Acad\u00e9mie est convi\u00e9e. Le pr\u00e9sident donne ensuite la &#8230; <a title=\"Les s\u00e9ances\" class=\"read-more\" href=\"https:\/\/www.academiedenimes.org\/site\/les-seances\/\" aria-label=\"En savoir plus sur Les s\u00e9ances\">Lire plus<\/a><\/p>\n","protected":false},"author":1,"featured_media":0,"parent":0,"menu_order":0,"comment_status":"closed","ping_status":"closed","template":"page-templates\/full-width.php","meta":{"footnotes":""},"class_list":["post-244","page","type-page","status-publish"],"_links":{"self":[{"href":"https:\/\/www.academiedenimes.org\/site\/wp-json\/wp\/v2\/pages\/244","targetHints":{"allow":["GET"]}}],"collection":[{"href":"https:\/\/www.academiedenimes.org\/site\/wp-json\/wp\/v2\/pages"}],"about":[{"href":"https:\/\/www.academiedenimes.org\/site\/wp-json\/wp\/v2\/types\/page"}],"author":[{"embeddable":true,"href":"https:\/\/www.academiedenimes.org\/site\/wp-json\/wp\/v2\/users\/1"}],"replies":[{"embeddable":true,"href":"https:\/\/www.academiedenimes.org\/site\/wp-json\/wp\/v2\/comments?post=244"}],"version-history":[{"count":0,"href":"https:\/\/www.academiedenimes.org\/site\/wp-json\/wp\/v2\/pages\/244\/revisions"}],"wp:attachment":[{"href":"https:\/\/www.academiedenimes.org\/site\/wp-json\/wp\/v2\/media?parent=244"}],"curies":[{"name":"wp","href":"https:\/\/api.w.org\/{rel}","templated":true}]}}